 - z/(-8). Let k(b) = 20*b + 22*b - b**2 - 46*b - 2 - 2. Calculate k(p).
-1
Let s(u) = u**3 - 6*u**2 - u + 5. Let l be s(6). Let v(k) = -5*k**2 + 3*k + 4. Let p(g) = 11*g**2 - 5*g - 7. Let j(n) = -3*p(n) - 5*v(n). What is j(l)?
-7
Let j = -4 + 3. Let s(r) be the third derivative of r**2 + 0*r - 1/6*r**3 - 1/8*r**4 + 0. What is s(j)?
2
Let d(l) = -4*l - 6 - 18*l**3 + 19*l**3 + 1 - 2*l**2 + 2. Calculate d(-2).
-11
Let r = -18 - -18. Suppose -4*f = -4, i + r*i - 3*f = 1. Let u(c) = c**2 - 2*c + 5. Calculate u(i).
13
Suppose -u + 4*u + 3*v = 3, 5*u = -2*v + 17. Let l(d) = -5 + 4*d**2 - u*d**2 - 4*d - 1. Calculate l(-4).
-6
Let x(u) = -7*u + 3. Let z(h) = h**2 - 11*h - 23. Let v be z(13). Calculate x(v).
-18
Let s(z) = -z**3 - 4*z**2 + 4*z + 3. Let k be s(-5). Let r be (-12)/k - 26/(-4). Let l(v) = v + 6. Calculate l(r).
11
Let b(s) = s**3 - 4*s**2 - 6*s + 7. Let o be b(5). Let v(z) = 5 - 2*z**3 + z**3 - 4 - 5*z**o. Let t = -14 + 9. Give v(t).
1
Let u be 2/13 + (-350)/(-91). Let z(j) = -2*j + 5. Calculate z(u).
-3
Suppose 0*i + 3*i = -21. Let q(u) = u - 3. Determine q(i).
-10
Let w(s) = s**2 - s + 8. Suppose q - 4*q = 0. Suppose 0 = -5*j - 0*j + 20. Suppose q = j*p - p. Give w(p).
8
Let p be (-2 - -10) + 8 + -5. Let q(f) = -f - p*f**2 + f**2 + 3 - 3. Give q(-1).
-9
Let w(v) = -v + 9. Let c be w(-7). Suppose -27 = -3*t - 5*x, 4*x + 0*x - c = -t. Let r(n) = -n**3 + 5*n**2 - 4*n + 5. What is r(t)?
5
Suppose 0 = -5*d + 5*g - 5, 0 = 3*d - 2*d - 5*g + 21. Let i(b) = 5*b**2 - 7*b + 4. Let u(v) = -14*v**2 + 21*v - 12. Let z(q) = -8*i(q) - 3*u(q). Calculate z(d).
8
Let z(c) = -c**3 - 2*c**2 - 2. Let v be (-13)/6 + 6/36. Calculate z(v).
-2
Let f be ((-10)/(-6))/(4/12). Let q be f*(18/(-10) + 1). Let b(y) = -2*y**2 - 6*y - 2. Give b(q).
-10
Let r be (-2)/8 + 253/4. Let y be 2/3*r/14. Let k(b) = 3*b - y - b + 9. Calculate k(-5).
-4
Let n(c) = 7*c**2 - 15*c**3 + 6 + 29*c**3 + 8*c - 13*c**3. Determine n(-5).
16
Let p(l) = l**3 + 4*l**2 + 2*l + 4. Let w(s) = s**3 + s**2 + 1. Let u(q) = p(q) - 5*w(q). Determine u(1).
-4
Let c be 2/((-2)/1)*-4. Let l(n) = 2*n**2 - 5*n + 2. Let f(m) = -3*m**2 + 8*m - 4. Let z(a) = -4*f(a) - 7*l(a). Calculate z(c).
-18
Let j(x) = -x**3 + 5*x**2 + 6*x + 8. Let o be 84/15 + 4/10. What is j(o)?
8
Let p = 5 - 6. Let z be (-38)/4 + p/(-2). Let y be 12/(-54) - (-25)/z. Let j(n) = n + 2. Calculate j(y).
-1
Let t(j) = 2*j - 6. Let q be ((-3)/2)/(6/(-12)). Suppose -u = -q - 0. Suppose 1 = p - u. Determine t(p).
2
Let z(n) be the second derivative of n**3 + n**2/2 - 19*n. Determine z(-2).
-11
Let o(q) = -q**2 - 5*q - 1. Suppose -5*k + 13 + 2 = 0, -3*f = 2*k. Let w be 5/(-10) + 9/f. Calculate o(w).
-1
Let h(a) = a**3 + 5*a**2 - a - 6. Suppose -4*w - w + 15 = 0. Suppose 0 = -d - w. Let g be 1/(d/(2 - -13)). What is h(g)?
-1
Let q(h) = 2*h. Let n(t) = t**2 - 6*t. Let y(f) = n(f) + 3*q(f). What is y(1)?
1
Let w(y) be the first derivative of -y**3/3 + 3*y**2 + 3*y + 30. What is w(7)?
-4
Let l = -4 + 0. Let s be 2/1 + 4/2. Let y(v) = -s - 2 - 3*v + v. What is y(l)?
2
Let w(j) = -j**2 - 3*j + 5. Let u(s) = 4*s + 6 - 2*s**3 + 0*s**3 + 5*s**2 + 3*s**3 - 2*s. Let q be u(-5). Give w(q).
1
Let b(y) be the first derivative of y**2/2 + 4*y - 5. Let z(k) = -k**3 + k**2 + k. Let u be z(0). Calculate b(u).
4
Let m(i) = -4*i + 1. Let n(c) = -5*c + 2. Let l(r) = -4*m(r) + 3*n(r). What is l(-4)?
-2
Suppose -2*z - z - 192 = 0. Let v be 10/(-15) - z/6. Suppose -4*w = -v - 2. Let l(t) = -2*t. Determine l(w).
-6
Let t(l) = l**2 + 9*l + 10. Let o be t(-8). Suppose 1 + 1 = h. Let z(g) = -4 - 5*g**h - g**3 - 1 - 6*g + o. What is z(-4)?
5
Let v(g) = 2*g**2 - 7*g + 2. Let x be (2 - 2) + (1 - -4). Determine v(x).
17
Let c(m) = m**2 + 2*m + 3. Let l(j) = -j**2 + 8*j - 3. Let h(s) = -s**2 + 9*s - 6. Let b be h(7). Let o be l(b). What is c(o)?
6
Let b(v) be the third derivative of v**6/180 - v**5/60 - v**4/6 + v**2. Let i(l) be the second derivative of b(l). Determine i(2).
6
Let z(u) = -3*u**3 - 9 + 5*u**3 + u + 2*u**2 + 9. Let n(k) = -k. Let p(x) = 2*n(x) + z(x). Give p(-2).
-6
Let b(k) be the second derivative of -k**5/20 - k**3/3 + 3*k**2/2 + 8*k. Calculate b(2).
-9
Let c(k) be the second derivative of -k + 0*k**2 - 1/6*k**3 + 13/12*k**4 + 0. Let r(q) = -q + 6. Let n be r(5). Calculate c(n).
12
Let l = 5 - 1. Suppose -35 = -5*m - q + 3*q, 15 = -m - l*q. Let c(n) = -n + 2*n - 4*n + 7. Determine c(m).
-8
Let c be (2/4)/(3/(-48)) - 2. Let j(z) = z**3 + 10*z**2 - 2*z - 14. Calculate j(c).
6
Let m = -36 + 39. Let b(c) be the second derivative of c**3 - c**2/2 - 2*c. What is b(m)?
17
Let x(v) = v - 11. Let j(q) = -q**2 - 8*q - 4. Let g be j(-7). Let w(i) = i - 11. Let h(n) = g*x(n) - 2*w(n). Suppose -9 = -4*u + 15. What is h(u)?
-5
Let l(j) = j. Suppose -62 = -4*t - 18. Let q = 5 - t. Let o(c) = 5*c - 4. Let i(a) = q*l(a) + o(a). Give i(0).
-4
Let l(y) = y**3 - 2*y**2 - 2*y + 3. Suppose 3*b - 21 = -5*g, 2*g = -0*g + 3*b. Let a be l(g). Suppose 0*f = -3*f - a. Let x(z) = -2*z + 1. What is x(f)?
5
Let b(u) = 60 + u**2 - u**3 - 61 - 2*u**2. What is b(-2)?
3
Let a(b) be the third derivative of -4*b**2 + 0 - 1/6*b**4 - 1/120*b**6 - 1/15*b**5 + 0*b - 5/6*b**3. Determine a(-4).
11
Let o(h) = -h + 2 + 8 - 3. Let u(l) = l - 8. Let d be (-22)/8 - (-2)/(-8). Let n(j) = d*o(j) - 2*u(j). Determine n(3).
-2
Let j(z) = -4*z**2 + 1. Let k(n) = -n**3 - n**2 + n. Let y(u) = -j(u) + k(u). Determine y(3).
2
Let i(p) = p. Let k be (-1)/2 + 99/(-18). Let o be 2/8 - k/8. Give i(o).
1
Let x = -16 - -22. Suppose -4*d = -d - x. Let h(c) = c**3 - c**2 + 2*c. Calculate h(d).
8
Let d = -3 + 2. Let l(j) = -6*j**2 - 2*j - 1. Let p(k) = -k**2 + k + 1. Let r(a) = d*l(a) + 5*p(a). Give r(-6).
0
Let l(t) be the first derivative of -t**5/60 + 2*t**3/3 + 3*t**2 - 2. Let c(o) be the second derivative of l(o). Calculate c(-3).
-5
Let d(n) = -3*n + 20. Let y(x) = -x**2 + 2*x - 19. Let c(j) = -3*d(j) - 4*y(j). Let a(w) = 3*w**2 + w + 11. Let z(r) = 7*a(r) - 5*c(r). What is z(-3)?
0
Let r(f) be the third derivative of -f**4/24 + 3*f**2. Determine r(7).
-7
Let l(a) = -a**3 - 6*a**2 - 5*a + 4. Let y(w) = -2*w + 1. Let x be y(2). Let p(u) = -u**3 - 5*u**2 - 4*u + 1. Let t be p(x). Give l(t).
4
Let f be (1 - -1) + 1*-8. Let d(p) = -p**2 + p - 1. Let j(g) = g**3 + 2*g + 2. Let b(i) = 5*d(i) - j(i). Give b(f).
11
Let g(p) = -p**2 + 10*p - 27. Let f be g(7). Let h(q) = -q + 4. Determine h(f).
10
Let m(f) be the third derivative of -f**6/120 - f**5/10 + f**4/12 + f**3 - 20*f**2. Determine m(-6).
-6
Suppose -2*o + 6 + 4 = 0. Let d(k) be the first derivative of -k**4/24 + 7*k**3/6 - k**2/2 - 2. Let c(z) be the second derivative of d(z). Calculate c(o).
2
Let r(t) = t**3 - 4*t**2 - t - 5. Let m be ((-324)/(-30))/((-4)/(-10)). Let i = m - 22. Calculate r(i).
15
Let n(t) = -1 - 4 - t - 3. Let x be 16/6*(-9)/6. What is n(x)?
-4
Let i(h) = h**2 + 4*h + 3. Let z be ((-24)/10)/((-12)/40). Suppose 7*s + z = 3*s. What is i(s)?
-1
Let z(h) be the first derivative of -2*h**2 - 4*h - 1. Let d = 16 + -19. What is z(d)?
8
Let k(g) = 6*g**2 + 7*g - 1. Let v(x) = x. Let c(n) = k(n) - 6*v(n). Determine c(1).
6
Let n(k) = k + 7. Let l(i) = -i - 8. Let r(z) = 2*l(z) + 3*n(z). Determine r(-6).
-1
Let m(h) = -h**2 - 4*h**2 + 1 + 1 + 8*h. Let o(y) = y**2 - y + 1. Let f(n) = -m(n) - 4*o(n). Let v be 15/(-2)*2/(-3). Calculate f(v).
-1
Suppose 5 = -8*b + 5. Let o(n) be the second derivative of 4*n + 1/3*n**3 + 0*n**2 + b. Determine o(-2).
-4
Let g(i) = -i**2 - 6*i - 5. Let f be (-1 - -2) + (-105)/21. What is g(f)?
3
Suppose 4*n = n + 6. Let k(t) = t**3 - t**2 + t. Let x be k(n). Let c(v) = -v**2 + 7*v - 9. Determine c(x).
-3
Let u(b) be the third derivative of -b**5/60 - b**4/6 - 5*b**3/6 - b**2. Suppose -5*w = 5, -5*i + 43 = -2*i + 2*w. Suppose 0 = 5*x + i + 5. What is u(x)?
-5
Let y(u) = 2*u**2 - 7*u + 15. Let g(k) = -k**2 + 4*k - 7. Let b(q) = 7*g(q) + 3*y(q). Let a = 1 + 0. Let z be (-20)/(-12)*(4 - a). Calculate b(z).
6
Let j(a) = -a**2 - a - 8. Let n be j(0). Let k(c) = c**3 + 9*c**2 + 7*c - 9. Calculate k(n).
-1
Let h(g) = -g**2 + 14*g - 3. Let t be h(14). Let m(n) = 4*n**2 - 3. Let u(b) = -3*b**2 + b + 3. Let z(s) = 4*m(s) + 5*u(s). Give z(t).
-3
Suppose 3*l = -b - 9, 3*b = -4*l + 5*b - 12. Let u(o) = -o**2 - 1. Let z = -5 + 4. Let c(h) = -